e the remainder when 9693 is divided by 1371.
96
What is the remainder when 244242 is divided by 12?
6
What is the remainder when 337 is divided by 317?
20
What is the remainder when 3883 is divided by 368?
203
Calculate the remainder when 7961 is divided by 915.
641
Calculate the remainder when 74734 is divided by 755.
744
What is the remainder when 15367 is divided by 7683?
1
Calculate the remainder when 4816 is divided by 4801.
15
Calculate the remainder when 26036 is divided by 210.
206
Calculate the remainder when 1471 is divided by 464.
79
Calculate the remainder when 254695 is divided by 31.
30
Calculate the remainder when 5547 is divided by 65.
22
Calculate the remainder when 301 is divided by 66.
37
Calculate the remainder when 58711 is divided by 328.
327
Calculate the remainder when 1306 is divided by 639.
28
What is the remainder when 3285 is divided by 368?
341
What is the remainder when 2228 is divided by 257?
172
What is the remainder when 26606 is divided by 108?
38
What is the remainder when 9803 is divided by 1391?
66
What is the remainder when 213725 is divided by 132?
17
Calculate the remainder when 50186 is divided by 360.
146
What is the remainder when 11166 is divided by 2414?
1510
Calculate the remainder when 2828 is divided by 685.
88
Calculate the remainder when 420230 is divided by 103.
93
What is the remainder when 51070 is divided by 223?
3
What is the remainder when 7930 is divided by 54?
46
What is the remainder when 941 is divided by 459?
23
Calculate the remainder when 44999 is divided by 121.
108
What is the remainder when 24069 is divided by 121?
111
Calculate the remainder when 4917178 is divided by 53.
50
Calculate the remainder when 447429 is divided by 223707.
15
What is the remainder when 11481 is divided by 5735?
11
What is the remainder when 4059 is divided by 3804?
255
What is the remainder when 364119 is divided by 33?
30
What is the remainder when 1724 is divided by 1636?
88
What is the remainder when 2041 is divided by 425?
341
What is the remainder when 9267 is divided by 772?
3
Calculate the remainder when 538 is divided by 29.
16
Calculate the remainder when 530429 is divided by 32.
29
Calculate the remainder when 37821 is divided by 3151.
9
What is the remainder when 5400 is divided by 5387?
13
Calculate the remainder when 936289 is divided by 81.
10
Calculate the remainder when 23782 is divided by 503.
141
What is the remainder when 50421 is divided by 12603?
9
What is the remainder when 3302746 is divided by 9?
7
What is the remainder when 439508 is divided by 21?
20
What is the remainder when 8009 is divided by 33?
23
Calculate the remainder when 6350448 is divided by 763.
762
Calculate the remainder when 71755 is divided by 40.
35
Calculate the remainder when 2312 is divided by 331.
326
Calculate the remainder when 84155 is divided by 42076.
3
Calculate the remainder when 242656 is divided by 1069.
1062
What is the remainder when 1170 is divided by 582?
6
Calculate the remainder when 35320 is divided by 11.
10
Calculate the remainder when 1411473 is divided by 559.
557
What is the remainder when 3203 is divided by 6?
5
Calculate the remainder when 435872 is divided by 108.
92
What is the remainder when 6654 is divided by 22?
10
Calculate the remainder when 6618 is divided by 194.
22
What is the remainder when 61228 is divided by 30?
28
What is the remainder when 417497 is divided by 189?
185
Calculate the remainder when 401394 is divided by 56.
42
What is the remainder when 31733 is divided by 46?
39
What is the remainder when 3295 is divided by 987?
334
Calculate the remainder when 9969 is divided by 123.
6
What is the remainder when 68667 is divided by 13724?
47
What is the remainder when 67478 is divided by 122?
12
Calculate the remainder when 7453 is divided by 237.
106
What is the remainder when 2667 is divided by 2666?
1
What is the remainder when 21667 is divided by 3608?
19
Calculate the remainder when 13905 is divided by 2317.
3
Calculate the remainder when 15047 is divided by 93.
74
Calculate the remainder when 8523 is divided by 2074.
227
Calculate the remainder when 30746 is divided by 27.
20
Calculate the remainder when 4465080 is divided by 447.
444
Calculate the remainder when 4971 is divided by 1508.
447
Calculate the remainder when 18365 is divided by 538.
73
What is the remainder when 29964 is divided by 3328?
12
What is the remainder when 5104 is divided by 325?
229
What is the remainder when 5056 is divided by 390?
376
What is the remainder when 15665 is divided by 29?
5
What is the remainder when 1431 is divided by 342?
63
What is the remainder when 414586 is divided by 47?
46
Calculate the remainder when 3918 is divided by 14.
12
What is the remainder when 194816 is divided by 340?
336
What is the remainder when 27676 is divided by 23?
7
What is the remainder when 14971 is divided by 208?
203
What is the remainder when 1713 is divided by 1019?
694
What is the remainder when 25779 is divided by 586?
581
What is the remainder when 23333 is divided by 306?
77
Calculate the remainder when 9575 is divided by 56.
55
Calculate the remainder when 128509 is divided by 181.
180
Calculate the remainder when 50411 is divided by 1674.
191
Calculate the remainder when 652 is divided by 546.
106
What is the remainder when 623 is divided by 501?
122
Calculate the remainder when 13271 is divided by 2.
1
What is the remainder when 4177 is divided by 37?
33
What is the remainder when 8451 is divided by 525?
51
Calculate the remainder when 9743 is divided by 235.
108
Calculate the remainder when 913422 is divided by 314.
310
Calculate the remainder when 40034 is divided by 6.
2
Calculate the remainder when 7873 is divided by 787.
3
Calculate the remainder when 11803 is divided by 2092.
1343
What is the remainder when 1862559 is divided by 8?
7
What is the remainder when 121722 is divided by 503?
499
What is the remainder when 1544 is divided by 261?
239
Calculate the remainder when 4589 is divided by 518.
445
What is the remainder when 14861 is divided by 22?
11
What is the remainder when 88369 is divided by 22?
17
What is the remainder when 49319 is divided by 27?
17
Calculate the remainder when 1864 is divided by 620.
4
What is the remainder when 14546 is divided by 1031?
112
Calculate the remainder when 1983 is divided by 496.
495
Calculate the remainder when 14941 is divided by 1660.
1
Calculate the remainder when 3548 is divided by 273.
272
Calculate the remainder when 6925 is divided by 654.
385
What is the remainder when 76132 is divided by 809?
86
What is the remainder when 9329 is divided by 117?
86
What is the remainder when 107100 is divided by 6691?
44
What is the remainder when 161719 is divided by 23101?
12
What is the remainder when 125423 is divided by 83?
10
What is the remainder when 2733 is divided by 550?
533
What is the remainder when 671 is divided by 50?
21
What is the remainder when 227 is divided by 39?
32
What is the remainder when 4919 is divided by 24?
23
Calculate the remainder when 222 is divided by 40.
22
What is the remainder when 190 is divided by 152?
38
What is the remainder when 154884 is divided by 15?
9
What is the remainder when 764 is divided by 350?
64
What is the remainder when 6140 is divided by 125?
15
What is the remainder when 641078 is divided by 376?
374
What is the remainder when 6453 is divided by 2140?
33
Calculate the remainder when 690595 is divided by 112.
3
What is the remainder when 247182 is divided by 3169?
0
Calculate the remainder when 348660 is divided by 328.
324
Calculate the remainder when 4974 is divided by 621.
6
What is the remainder when 2121 is divided by 33?
9
Calculate the remainder when 4233 is divided by 551.
376
Calculate the remainder when 213 is divided by 151.
62
What is the remainder when 4113 is divided by 154?
109
Calculate the remainder when 190 is divided by 86.
18
What is the remainder when 27326 is divided by 13661?
4
What is the remainder when 12723 is divided by 388?
307
What is the remainder when 63010 is divided by 54?
46
Calculate the remainder when 3523 is divided by 16.
3
Calculate the remainder when 5264 is divided by 11.
6
What is the remainder when 8666 is divided by 44?
42
Calculate the rem